te the remainder when 843 is divided by m.
159
Suppose 5*x + 10*r - 12*r = 1282, 5*r + 238 = x. Calculate the remainder when 486 is divided by x.
228
Let p be (-5 - -1)/(520/522 + -1). Suppose 0 = -3*s + 3*v + 1050, 3*s - 5*v + 4*v - p = 0. Calculate the remainder when s is divided by 70.
67
Let s = -346 - -417. Let g(o) = 18*o**2 - 7 - 3 + 11. What is the remainder when s is divided by g(1)?
14
Let b(a) = 64*a - 341. Suppose 35 = m - 167. Calculate the remainder when m is divided by b(6).
30
Let v(b) = -234*b + 1956. Calculate the remainder when 278 is divided by v(8).
26
Let b(q) = -236*q**3 + q**2 + 8*q - 1. Calculate the remainder when 1131 is divided by b(-1).
219
Suppose 0*x = 4*x + t + 10, -2*x + t - 8 = 0. What is the remainder when (31/(-2) - -2)*(-17 + x) is divided by 46?
40
Suppose -4*v - 5685 = i - 5717, -2*v - i + 18 = 0. What is the remainder when v is divided by 30/(-9)*6/(-5)?
3
Suppose 0 = -2388*u + 2389*u - 40. Let p = 88 + -183. Let t = 213 + p. What is the remainder when t is divided by u?
38
Let w = 338 + 16. Let j = -12 - -57. What is the remainder when j is divided by ((-8)/(-10))/(w/(-120) + 3)?
13
Let t be (-306)/(-12) + (-42)/(-12). Suppose 22*v - 249 + t = 0. What is the remainder when 118 is divided by v?
8
Suppose 4*b - 124 = 3*q, -q - 98 = -b - 2*b. Let u(v) = v**3 - 7*v**2 + 8*v - 2. What is the remainder when u(6) is divided by (-936)/(-153) + (-4)/b?
4
Let j = 13131 - 12868. Calculate the remainder when j is divided by 116.
31
Let c(h) = -2*h**2 - 2*h + 16. Let b be c(2). Suppose -b*o - 24 = -4*p, 0 = -11*p + 15*p + 5*o - 51. Calculate the remainder when 70 is divided by p.
7
Let y be 0/(-3*(-2 - -1)). Let f be y - 3 - ((5 - 13) + 2). Let v = 10 + f. What is the remainder when 35 is divided by v?
9
Suppose 10*c - 17 - 13 = 0. Suppose b - 44 = -c*q, 0 = -11*b + 8*b + q + 122. What is the remainder when b is divided by ((-15)/(-9))/(3/27)?
11
Let u(x) be the second derivative of 6*x**4 + x**3/3 - x**2 + 10*x. Let j be u(-2). Suppose -8*b = -2*b - j. What is the remainder when 138 is divided by b?
44
Suppose -5*s + 3*c = -1107, 0 = 8*s - 6*s + 2*c - 430. What is the remainder when s is divided by 59?
42
Let c = 43111 - 42284. What is the remainder when c is divided by 57?
29
Suppose -124 + 1867 = 3*k. Let d = k + -553. Calculate the remainder when 52 is divided by d.
24
Suppose -v - 80 = -9*v. Suppose -5*d + 682 = 8*h, -2*h - 18*d + 19*d = -166. What is the remainder when h is divided by v?
4
Suppose -4*d + 3*c - 25 = -110, -d + 25 = 3*c. Suppose -d*h + 4097 = -5*h. Calculate the remainder when h is divided by 35.
31
Suppose 0 = -5*u + 4*h + 6 + 19, 0 = -h. Let n(d) = 4*d - 35. Let q be n(8). Calculate the remainder when (2 + -3)*(51/q + 4) is divided by u.
3
Let r = -81 + 175. Let q be (-6)/15 + r/10. Let k = 22 - q. What is the remainder when 35 is divided by k?
9
Suppose -58*d = -26*d + 10*d - 5376. Suppose -5*z + 2*b + 102 = -113, 3*b = 0. What is the remainder when d is divided by z?
42
Suppose 2090 = 244*p - 35*p. Let c(s) = s**3 - 4*s**2 - 9*s - 8. Calculate the remainder when c(7) is divided by p.
6
Suppose 2*h - 5*z - 267 - 60 = 0, 2*z = 5*h - 849. Calculate the remainder when 1016 is divided by h.
161
What is the remainder when 292 is divided by ((-124)/(-99) - 12/33)*9?
4
Suppose 4*b = 0, b = 4*y + 2*b - 24. Suppose y*p = 5*p - k + 7, 0 = -4*p + 5*k + 10. What is the remainder when (-123)/(-2) + p/10 is divided by 9?
8
Suppose 4*f + f = 280. Let x = -6653 + 6659. What is the remainder when f is divided by x?
2
Let u(o) = 15*o**2 + 8*o + 21. Let b(n) = -n**3 - 22*n**2 + 2*n + 40. Let c be b(-22). What is the remainder when u(c) is divided by 46?
45
Suppose -34 = 8*j - 274. Let m(t) = -t**3 + 31*t**2 - 30*t + 28. What is the remainder when 73 is divided by m(j)?
17
What is the remainder when 233 is divided by 45 + 64 - (11 + -2)?
33
Let i(j) be the second derivative of 19*j**3/6 - 3*j**2/2 - j. Suppose 689*d - 748*d = -4012. What is the remainder when d is divided by i(2)?
33
Let w = 25968 + -25964. Calculate the remainder when 3645 is divided by w.
1
Suppose 0*o - 120 = -3*o. What is the remainder when 5580/48 - (11/(-4) + 3) is divided by o?
36
Let m(l) = -3*l**2 + 7*l**2 - 5*l**2 + 10 + 4*l - 5*l. Suppose 180 + 219 = 19*x. What is the remainder when x is divided by m(0)?
1
Let k(y) = y**2 + 7*y + 14. Let l be (-8)/(-6)*63/(-14). Let f be k(l). Let u(a) = a**3 - 6*a**2 - 8*a + 13. Calculate the remainder when u(f) is divided by 17.
9
What is the remainder when 93 is divided by (-31)/9 + 3 + (9251/99 - 11)?
11
Let h = 670 - 517. Calculate the remainder when 638 is divided by h.
26
Suppose 66 = 87*z - 76*z. Suppose z*p - 290 = -14. What is the remainder when 223 is divided by p?
39
Suppose 24 = -v + 63. Suppose 0 = 34*h - v*h + 370. Suppose 5*n + p = -24 + h, 4 = -n - 3*p. What is the remainder when 40 is divided by n?
7
Let n be 2 - -4 - (16 + -14). Suppose -n*j + 1003 = i, 5*j - 3*i - 1059 = 182. Calculate the remainder when j is divided by 63.
61
Let l be 7 - 235/35 - (-2)/(-7). Suppose l = -4*n + i + 435, 5*n + 4*i = 3*i + 546. Calculate the remainder when n is divided by 15 + (0 - (-2 - -3)).
11
Let u = -1415 + 1666. Calculate the remainder when u is divided by 2.
1
Let x(k) = -2*k**2 + 37*k + 11. Suppose 23*u - 27*u + 68 = 0. Suppose -d + 26 - 10 = 0. What is the remainder when x(u) is divided by d?
14
Let d = -48 - -152. Suppose -d = -0*w - 4*w. Let i = 101 + -95. What is the remainder when w is divided by i?
2
Let w(g) = -4*g**2 + 25*g + 14. Let b be w(7). Calculate the remainder when 57 is divided by (b - 90/(-10))/((-2)/(-10)).
7
Let n = -15 + 27. Suppose 15*k = n*k + 1140. Suppose 5*o + 135 = k. Calculate the remainder when o is divided by 19.
11
Suppose -3*i = -7*i + 296. Let n = 292 + -262. What is the remainder when i is divided by n?
14
Suppose 67*d + 10733 = 60780 + 58962. Calculate the remainder when d is divided by 163.
160
Suppose 30*z + 551 = 5*d + 31*z, -4*d - z = -440. What is the remainder when 879 is divided by d?
102
Let b(u) = -u**2 + 10*u - 15. Let l be b(5). Let p = -787 + 798. What is the remainder when (4 - 45/l)*-74 is divided by p?
4
Suppose 4*u - 47 = -0*u + 5*i, -3*u + 43 = 4*i. Suppose 2145 - 6192 - 2553 = -88*d. What is the remainder when d is divided by u?
10
Suppose 0 = -57*n + 51*n + 156. Calculate the remainder when 149 is divided by n.
19
Suppose 4*n - 239 = l, 4*l = 95*n - 101*n + 386. What is the remainder when 285 is divided by n?
41
Let s = 38 + -32. Let l(x) = -x - 1. Let v(o) = 13*o - 10. Let f(j) = 4*l(j) + v(j). Calculate the remainder when 197 is divided by f(s).
37
Suppose 732*f - 24 = 723*f + 12. Let p = -574 - -1081. What is the remainder when p/2 - f/(-8) is divided by 51?
50
Let k(j) = 3*j - 48. Let y be k(14). Calculate the remainder when 9/54 - 113/y is divided by 11/((1 + 0)*1).
8
Let d(g) = g**3 + 9*g**2 - 4*g - 25. Suppose -4 = i - 4. Let v be 0 + (i - (6 + 3)). What is the remainder when 54 is divided by d(v)?
10
Let p be 185/7 + 32/56. Suppose 2*o = -5*d + p + 53, -5*d - 10 = 0. Calculate the remainder when 898 is divided by o.
43
Let i(l) = -4*l**3 - 7*l**2 + 31*l + 100. Calculate the remainder when i(-10) is divided by 23.
8
Let u be 2/(-3) + (-138)/9. Let m = u - 15. Let p = m - -40. Calculate the remainder when p is divided by 4.
1
Suppose 130*t - 4820 = 510. Let z(c) = 3*c + 7 + 2*c**3 - c**3 - 8*c**2 + 3*c**2. What is the remainder when t is divided by z(5)?
19
Let r be (6 + 5)*(-12)/(-66). Suppose 5*b = i + r*b - 432, -3*b = 2*i - 819. What is the remainder when i is divided by 28?
25
What is the remainder when (-17 + -894)*(-7 + 30/5) is divided by 118?
85
Let a(m) = m**3 + 2*m**2 - 142*m - 605. Calculate the remainder when 277 is divided by a(-5).
7
Let i = -5605 + 5634. Calculate the remainder when (-822)/(-6) + -2 + 6 is divided by i.
25
Let o(a) = 246*a - 2371. What is the remainder when o(12) is divided by 186?
23
Suppose 0 = 106*w - 14750 - 8040. Calculate the remainder when w is divided by 32.
23
Let q(b) = -2*b**3 + 2*b**2 - 7*b + 19. Calculate the remainder when q(-4) is divided by 138.
69
Let g(a) = a**3 + 12*a**2 + 24*a - 14. Calculate the remainder when 49 is divided by g(-9).
10
Suppose -h - 448 = -15*h. What is the r